g - 80 = l*g - 2*m, g + 3*m - 29 = 0. What is the units digit of g?
4
Let l = 84 - 16. Let b = 5 + l. Let n = -52 + b. What is the units digit of n?
1
Let d(f) = -9 + 7 - 3*f**3 + 5*f**3 + f**2. Let c be d(-2). Let z(h) = h**3 + 13*h**2 - 18*h + 12. What is the tens digit of z(c)?
6
Suppose 43572 + 125556 = 49*u - 81850. What is the hundreds digit of u?
1
Suppose -34*z + 319613 + 671235 - 272700 = 0. What is the ten thousands digit of z?
2
Suppose -2*s + 440 = -4*p - 4562, -5*p - 2516 = -s. What is the tens digit of s?
9
Suppose -2*a - 5 = 2*g - 17, -8 = -2*a - 4*g. Let b be a/(-44) - 4/((-132)/1095). Suppose 4*f - 111 = b. What is the units digit of f?
6
Suppose 16*i + 40 = 20*i. Suppose 4*a - i - 10 = 0. What is the units digit of -3*(4 + (-25)/a)?
3
Let i(n) = 6 + n**2 + 49 - 9*n**2 + 7*n**2. Let t be 0*(0 - (2 - 3)). What is the tens digit of i(t)?
5
Let i = 6711 - 1857. Suppose -5*n + i = -p, 5*n + 17*p - 4852 = 20*p. What is the hundreds digit of n?
9
What is the units digit of ((-45149)/453)/(1/(-27))?
1
Suppose 3*o - 7092 = -5*k + 12338, -4*o + 25950 = -2*k. What is the thousands digit of o?
6
Let s be 4*105/(-28)*1. What is the units digit of ((-12)/(-5) - 2) + (-16644)/s?
0
Let r = -724 + 1921. Suppose 0 = 5*t + 2*t - r. Let w = t - -5. What is the units digit of w?
6
Suppose 4*y - g - 5587 = 0, y = -2*g + 269 + 1130. What is the units digit of y?
7
Let g(u) = 49*u**2 + 39*u + 256. What is the hundreds digit of g(-13)?
0
Let d = 466 - 108. Suppose -5*r + 968 = d. Suppose -10*t - r = -12*t. What is the units digit of t?
1
Let v be 20/5*(-2)/2 + 51. Let g = 12 - 7. Suppose g*o - 298 - v = 0. What is the tens digit of o?
6
Let y = -183 - -192. Let g(t) = 73*t + 86. What is the units digit of g(y)?
3
Suppose 432 = -24*w + 8*w. What is the units digit of (-3*2)/(w/(-18)) - -129?
5
Let n = -25738 + 51086. What is the ten thousands digit of n?
2
Suppose 2832 = 9*h - 5*c, -4*h + 2*c = -988 - 272. What is the tens digit of h?
1
Let j(d) = d**2 - 36*d + 370. Let w be j(20). Let c = 15 + 32. Suppose i - c = w. What is the tens digit of i?
9
Let j(z) = -5 + 2 + 18*z + 68*z + 46*z + 382*z. What is the thousands digit of j(2)?
1
Let w = -1160 + 762. Let b = w - -846. What is the tens digit of b?
4
Let s(w) = w**3 - 5*w**2 + 13*w - 11. What is the thousands digit of s(23)?
9
Let i(a) be the third derivative of a**5/60 - a**4/2 + 17*a**3/3 - 122*a**2. Let n = 20 + -10. What is the tens digit of i(n)?
1
Let s(i) = 118*i + 417. What is the hundreds digit of s(26)?
4
Let j(w) = w**3. Let p(q) = q**3 + q**2 + q + 7. Let y(s) = -3*j(s) - p(s). Suppose 3 + 3 = -2*u. What is the units digit of y(u)?
5
Let v be 1 - ((-6)/10 + 22/(-55)). Suppose -18 + 16 = v*a. What is the units digit of -1*(-15 - a)*34/4?
9
Suppose 5*n + 3812*q = 3811*q + 109462, 4*n - q = 87584. What is the units digit of n?
4
Let w = -13159 + 21164. What is the hundreds digit of w?
0
Let k = 53 - 56. What is the tens digit of (1 - (-20)/(-12))/(k/2736)?
0
Suppose 3*j + 5*j = -6*j + 198408. What is the ten thousands digit of j?
1
Let i(z) = 10*z**2 - 51*z - 117. What is the hundreds digit of i(22)?
6
Suppose 2*b - 3 = -4*q + 11, 0 = 3*b + q - 11. Let m(d) = -7*d**2 + 90*d + 24. Let j be m(13). Suppose j + 4 = b*k. What is the units digit of k?
5
Let t be (-2)/5 + 16/40. Suppose t = 16*g + 7174 - 19270. What is the tens digit of g?
5
Let f(w) = 29*w**2 + 100*w + 9. Let r be f(-9). Suppose -3*y + r = 3*g - 249, 0 = -5*y + g + 2845. What is the tens digit of y?
6
Let g = -285 - -896. Let t = g - 93. What is the units digit of t?
8
Let u = -264 + 342. What is the tens digit of -3 + 222/u - (-5037)/39?
2
Suppose 7*i - 10*i = -9, -5*n + 52834 = 3*i. What is the tens digit of n?
6
Let j = -302 - -306. Suppose -4*p + 30 + 5 = 5*s, -4*p + 5 = -5*s. Suppose -s*q + 455 = j*w + 159, 2*q = w + 190. What is the units digit of q?
6
Let a be -1*(2 - 1) - (-18)/3. Suppose 15 = 5*l, -26 = -a*k - l - l. What is the units digit of (-2)/k + (-63)/(-18)?
3
Suppose 0 = n - 12*n - 638. What is the units digit of (0 + (-757 - 0))*(-59 - n)?
7
Let f(k) = 2*k**3 + 15*k**2 + 2*k - 101. What is the tens digit of f(11)?
9
Suppose 3*a + 5*a = a. Suppose -2*m + 5*b + 23 = -0*m, -5*m - 5*b + 5 = a. Suppose -4*y + m*l = -232, 0 = -0*y + 2*y + l - 131. What is the units digit of y?
3
Let m = 19304 - 12652. What is the hundreds digit of m?
6
Suppose 2*d + 762 = 4*a, 6*a - 2*a = -3*d + 737. Let p = -30 + a. What is the hundreds digit of p?
1
Let q(g) = 5*g + 54. Let l be q(21). Suppose -4*k = 5*a - 287, 3*k - 5*a - 418 = -l. What is the tens digit of k?
7
Suppose -253 = i - 75. Let g = -19 - i. Let w = -111 + g. What is the units digit of w?
8
Let h = 5584 - 2926. Suppose -13334 = -17*b - h. What is the hundreds digit of b?
6
Let c be (-2)/(-8 - -2)*-663. Let k = -150 - c. Let x = -50 + k. What is the tens digit of x?
2
Let f = -18 - -20. Suppose g = 5*s - 98, -f*s - 5*g + 13 + 10 = 0. Let v = 38 - s. What is the units digit of v?
9
Let l(n) = 107*n**2 - 10*n + 11. Suppose 2*g - 16 = -10. What is the hundreds digit of l(g)?
9
Suppose 0 = 6*g + 10*g + 96. What is the hundreds digit of 10/(-20) + (-2283)/g?
3
Let d = -62 + 33. Let n = d - -21. Let m = 23 - n. What is the units digit of m?
1
Let q = 387 + -206. Suppose q - 4801 = -22*g. What is the units digit of g?
0
Let c(o) = -130 + 38*o**2 - 54*o**2 + 11*o + 31*o**2. What is the tens digit of c(7)?
8
Suppose 70*d = 14*d + 705488. What is the ten thousands digit of d?
1
Suppose 0 = 5*u + 3*s - 447, 0 = -3*u + s - 3*s + 269. Let i = u - -96. What is the units digit of i?
3
Suppose 8*c - 4*c - 12940 = 0. Suppose 15*z - 21805 = -c. What is the hundreds digit of z?
2
Let q be (-6)/(-9) - (-117)/27. Suppose -q*b + 2142 = 2*b. What is the tens digit of b?
0
Let s(c) = c**2 - 8*c + 23. What is the units digit of s(23)?
8
Let h(b) = -76*b - 41. Let y be h(6). Let w = -251 - y. Suppose k + i - w = 0, -5*k - 4*i + 0*i + 1231 = 0. What is the tens digit of k?
4
Suppose -32 = -2*i + 172. Let c(s) = s**2 + 5*s + 28. Let v be c(-14). Let z = v - i. What is the units digit of z?
2
Let i(g) = 37*g**2 - 5*g - 6. Let o = -240 + 244. What is the hundreds digit of i(o)?
5
Let t(k) = -4*k**3 - 12*k**2 - 52*k - 720. What is the hundreds digit of t(-13)?
7
Suppose 5*q + 3*j = 7*j - 5, 32 = 4*q + 4*j. Suppose 216 = -4*y + q*v, -v = 2*y + 39 + 79. Let r = 141 + y. What is the tens digit of r?
8
Let n = -87 - -87. Suppose n = -42*u + 37*u + 25. Suppose 3*x - 2*x - 175 = -u*t, 0 = -5*x - 2*t + 783. What is the units digit of x?
5
Let f(v) = -13*v - 90. Let z be f(-7). Suppose z = -2*k + 203. What is the hundreds digit of k?
1
Let s = -11723 + 18424. What is the thousands digit of s?
6
Let c(o) = o. Let z be c(5). Suppose -z*w + 5*x - 131 = -8*w, -5*w = x - 233. What is the units digit of w?
7
Let g = -86 - -53. Let z = 33 + g. Let p(f) = -2*f + 41. What is the tens digit of p(z)?
4
Suppose s - 10629 = 5*t, -6*t - 10689 = -s - 11*t. What is the hundreds digit of s?
6
Let l = -2179 + 5413. What is the units digit of l?
4
Let c be (-2)/(-8) + 76583/52. Let r = c + -916. What is the tens digit of r?
5
Suppose k - 4*q + 131 = 0, -5*k - 6*q + 2*q = 751. Let s = k + 355. Suppose -5*r + 193 = -4*f, -5*f - 29 = 4*r - s. What is the units digit of r?
1
Suppose 2 = -2*k, -4*k = -3*n - 6*k + 61. Suppose 19*h = n*h - 510. What is the hundreds digit of h?
2
Let m = -66 - -72. Suppose 304 = -2*u + m*u. What is the units digit of u?
6
What is the ten thousands digit of ((-951)/(-4))/(327/65836)?
4
Suppose -5*i + 15 = g, 0 = -3*g - 2*i - 3*i + 25. Suppose g*c + 251 = -544. Let t = c - -243. What is the units digit of t?
4
Let p(g) be the second derivative of 17*g**4/3 - 3*g**3 + 47*g**2/2 - 107*g. What is the hundreds digit of p(3)?
6
Suppose 3*i - 25439 = -5*k, 2*i + 12 = 18. What is the thousands digit of k?
5
Suppose 3*d = -3*o - 5038 + 48829, -4*o + 58378 = -d. What is the units digit of o?
5
What is the tens digit of (-22365)/(-19) - (-8)/(-10)*(-115)/(-874)?
7
Let x = 458 + -454. Suppose x*k + 154 = 2*g, -3*g - 5*k + 2*k + 186 = 0. What is the tens digit of g?
6
Suppose 13 - 1 = -6*i. Let s be (1/2)/(i/140). What is the hundreds digit of (-36)/8*(s - -1)?
1
Suppose 4 = 2*q, 5*p + 11 = 8*p + 4*q. What is the 